74 + -159. What is the remainder when 103 is divided by d?
13
Suppose -4*k + 2 = -6. Suppose 0*o = k*o + 4*i - 48, 0 = 5*o + 4*i - 150. Let r = 6 + 6. What is the remainder when o is divided by r?
10
Suppose 1 + 59 = 4*p. Suppose -2*o + 61 = p. What is the remainder when o is divided by 12?
11
Suppose 54 + 51 = 5*c. What is the remainder when 81 is divided by c?
18
Suppose 10*s - 9*s - 5 = 0. Let f = 12 + s. Suppose 13 = 5*i - 12. What is the remainder when f is divided by i?
2
Suppose 3*r - 5*r = 4*g - 2, 38 = 3*r - g. What is the remainder when r is divided by 7?
4
Suppose -28 = 2*q - 70. Let p = -14 + q. Calculate the remainder when 17 is divided by p.
3
Let u = 7 + -4. Let g(w) be the third derivative of -w**6/120 + w**5/15 + w**4/12 + 2*w**2. Calculate the remainder when 43 is divided by g(u).
13
Let z = 139 + -62. Calculate the remainder when z is divided by 20.
17
Let v = 40 - 16. Let f = v + -18. Calculate the remainder when 3/((-82)/44 - -2) is divided by f.
4
Let k(t) = t - 2. Let j be k(0). Let u = 17 + j. Calculate the remainder when 29 is divided by u.
14
Suppose 7*r - 2*r + 112 = 4*x, r = 0. Let n(q) = -q**2 - 3*q - 2. Let d be n(-7). Let b = -15 - d. What is the remainder when x is divided by b?
13
Suppose -39 = -2*g - q, -2*q + 3*q - 73 = -4*g. Calculate the remainder when g is divided by 7.
3
Let p(y) be the third derivative of y**5/20 - y**3/3 - y**2. Let v be p(2). Let l = v + -4. What is the remainder when l is divided by 4?
2
Suppose -11*r + 6*r + 115 = 0. What is the remainder when r is divided by 12?
11
Let a(k) = 15*k - 36. What is the remainder when a(10) is divided by 29?
27
Suppose r = 4*r + 30. Calculate the remainder when 7 is divided by r/(-4) + 2/(-4).
1
Let f be (-327)/(-12) + 1/(-4). Let c = f + -12. Calculate the remainder when 43 is divided by c.
13
Let c(p) = -p**3 - p**2 + 3*p + 2. Let i be c(3). Let o = -17 - i. Calculate the remainder when 22 is divided by o.
6
Let k = -5 - -10. Let i(x) = -2*x - 9. Let q be i(-6). Suppose -q*l + 44 = t, 4*l + l + 5*t - 80 = 0. What is the remainder when l is divided by k?
4
Let f be 38 + 3/(-6)*2. Let c = 75 + -41. Calculate the remainder when c is divided by f/2 + 2/(-4).
16
Let a = -28 + 54. Suppose -3*u - 30 = -2*t, 0 = -6*t + 3*t - 2*u + 19. Calculate the remainder when a is divided by t.
8
Suppose -7*m + 66 = -m. Calculate the remainder when 19 is divided by m.
8
Suppose -3*y - 1 = n - 11, -y + 22 = 3*n. Let w = 11 - n. What is the remainder when w is divided by 3?
1
Let g(q) be the second derivative of q**4/6 + q**3/6 + 3*q**2/2 + q. Let p be g(-3). Suppose 3*k = 2*k + p. Calculate the remainder when 35 is divided by k.
17
Let m = 24 - 3. Calculate the remainder when 41 is divided by m.
20
Suppose -17*k + 12*k + 695 = 0. What is the remainder when k is divided by 35?
34
Let u(x) = 2*x. Let a be u(-2). Let c be -12*(1 + 6/a). Let b(o) = -o**3 + 6*o**2 + 2*o - 4. Calculate the remainder when 21 is divided by b(c).
5
Let p(g) = g**2 - g. Let t be p(2). Suppose -285 = -7*w + t*w. Calculate the remainder when w is divided by 15.
12
Suppose -17 = -3*m - 2. Let p be 7/(-7)*2/(-2). What is the remainder when m is divided by -2*(1 + -2)*p?
1
What is the remainder when 3 is divided by (-4)/18 + 232/72?
0
Suppose -3*f - f = -24. Suppose f*s = -4*m + s + 1, -2*m + 4*s = -20. Calculate the remainder when 10 is divided by m.
2
What is the remainder when 14 is divided by 40/(-15)*6/(-4)?
2
Let k(f) = 13*f - 1. Suppose d + 4*d = -r + 8, -2*d + 4*r = 10. Let y(c) = c**2 - 3*c - 5. What is the remainder when y(-4) is divided by k(d)?
11
Let r(o) = 3*o - 2. Let q = -22 + 39. What is the remainder when q is divided by r(4)?
7
Let s(a) = a**3 + 5*a**2 + 3*a + 6. What is the remainder when 4 - 1 - (-38 - -13) is divided by s(-4)?
8
Let o = 0 - -3. Suppose r - 2*d = -3*d + 21, -o*d = -2*r + 32. Suppose -3*f + 5*m + r = -0*m, m + 48 = 4*f. Calculate the remainder when f is divided by 7.
6
Let x(a) = -a**2 - 5*a + 4. Calculate the remainder when 49 is divided by x(-3).
9
Suppose 2*q = -3*q + 30. Let z be 1/1 - q/(-2). Suppose -z*t - 148 = -8*t. Calculate the remainder when t is divided by 13.
11
Let t(z) = z**3 - 4*z**2 + 7*z. Calculate the remainder when t(5) is divided by 16.
12
Suppose -t = -4, -2*t + 184 = -5*h + h. Let k = -29 - h. Suppose 0 = 4*f + f - 2*x - 15, -k = 3*x. Calculate the remainder when f is divided by 1.
0
Let g(l) = -5*l - 2. Calculate the remainder when 274/4 - 12/(-8) is divided by g(-4).
16
Suppose 0 = -2*w + 5*q + 166, -71 = -w - 5*q - 18. What is the remainder when w is divided by 19?
16
Suppose r - 20 = 9. Calculate the remainder when r is divided by 11.
7
Suppose -s - 24 = 2*s. Suppose 0 = -2*i - 2*p + 4, -33 - 7 = -5*i + 5*p. Let u = i - s. What is the remainder when 25 is divided by u?
12
Suppose p - 6*p = -2*i - 74, 0 = -3*p - 2*i + 38. Calculate the remainder when p is divided by 6.
2
Suppose -u + c - 11 = -4, 2*u + 8 = 5*c. Let a(s) = -s + 5. Let b be a(u). Calculate the remainder when 6 is divided by b/4 + (-1)/2.
0
Suppose -4*o + o + 5*t = -289, -3*t = -3*o + 279. Suppose -5*v + o = -v. Calculate the remainder when v is divided by 12.
10
Let v = -9 - -15. Suppose v = s - 4*l, -90 + 28 = -5*s + 4*l. Let q(d) = -7*d + 5. What is the remainder when q(-5) is divided by s?
12
Calculate the remainder when 8/(-10) - 804/(-30) is divided by 7.
5
Suppose 0 = -4*g - g + 30. Let w(n) = -4 - n**2 - 3*n + 3*n**3 + 2*n + 5. What is the remainder when g is divided by w(1)?
0
Suppose -2*d = -5*d + 105. Suppose 4*n - 14 = -34. What is the remainder when d is divided by (n + 29)*1/2?
11
Suppose 0 = 5*w + 4*c - 185, -w - 2*w = c - 118. Calculate the remainder when w is divided by (-248)/(-12) - (-1)/3.
20
Let z be 4/10 + (-383)/(-5). Let t = z - 30. Calculate the remainder when t is divided by 16.
15
Suppose -i - 3*a = 2*i - 123, -4*i + 143 = -3*a. What is the remainder when i is divided by (3/(-2))/((-3)/40)?
18
Suppose 4*c = 2*n + 2*c - 70, -4*n = 3*c - 175. Calculate the remainder when n is divided by 14.
12
Suppose 102 = 5*f + 5*y - 4*y, -5*f - 2*y + 104 = 0. Calculate the remainder when f is divided by 6.
2
Suppose 4 = 4*h, -3*n = h - 2*h - 5. Calculate the remainder when 2 is divided by n.
0
What is the remainder when 143 is divided by ((7 - -1) + -2)*12/2?
35
Let a(n) = n + 16. Let m be a(-12). Suppose 0 = -f - m*f + 165. Calculate the remainder when f is divided by 18.
15
Let y(q) = q**3 - 6*q**2 + 5*q + 5. Suppose 0*l + 2*l = 3*d - 44, -32 = -4*d - 4*l. Let x = 18 - d. Calculate the remainder when y(x) is divided by 12.
11
Let s(h) = -h**3 + 3*h**2 + h - 1. Let c be s(2). Suppose -5*m + 170 = c*q, -q + 9 + 10 = -2*m. Calculate the remainder when q is divided by 11.
7
Let v be (-4)/(2*(1 + -2)). Let u be 2*14/(-12)*3. What is the remainder when 31 is divided by v/u + 316/28?
9
What is the remainder when (-1)/((-2)/(-108)*12/(-30)) is divided by 46?
43
Let c(o) be the first derivative of o**3/3 - 7*o**2/2 + 4*o - 1. Let m be c(7). Suppose -t + m*t - 87 = 0. Calculate the remainder when t is divided by 10.
9
Let n = 31 - 5. What is the remainder when 101 is divided by n?
23
Let m(v) = v**3 + 8. Let g be m(0). Let q(i) = i - 5. Let u be q(g). Suppose 140 = -u*l + 8*l. Calculate the remainder when l is divided by 10.
8
Suppose 0 = -4*s + g + 3*g + 76, -5*s - 2*g = -95. Let j = -14 + 89. Calculate the remainder when j is divided by s.
18
Suppose -6*t = -375 + 99. Calculate the remainder when t is divided by 8.
6
Let j(z) = z**3 + z**2 + 2*z + 1. Let b be j(-2). Let t(o) = -o**3 - 6*o**2 + 2*o - 4. What is the remainder when t(b) is divided by 8?
7
Let q(h) = 2*h + 23. Calculate the remainder when 18 is divided by q(-10).
0
Let t(w) be the second derivative of 2*w - 7/2*w**2 - 1/20*w**5 + 0 - 5/12*w**4 - 2/3*w**3. Calculate the remainder when 38 is divided by t(-5).
12
Suppose -121 + 16 = -5*q. What is the remainder when 61 is divided by q?
19
Calculate the remainder when ((-40)/4)/(1/(-2)) is divided by ((-4)/6)/(4/(-66)).
9
Let l(t) = t**3 - 4*t**2 - 2*t + 2. Suppose 2*h - 6*h + 5*v + 15 = 0, -5*v = 4*h - 25. What is the remainder when 48 is divided by l(h)?
14
Let n(h) = h + 27. Let d be n(-12). Suppose 0*y - 5*y = -d. Calculate the remainder when 25 is divided b